-6)). Let u = f + 357. What is the greatest common divisor of u and 3?
3
Suppose -504*r = 4*i - 508*r - 272, -r = 5*i - 322. Calculate the highest common factor of 90 and i.
5
Let a be (-41 - -821)/(-78)*(-14)/20. Suppose 0 = 5*z - k - 247, k = 2*z + z - 149. Calculate the highest common factor of a and z.
7
Let n(s) = -s**3 + 7*s**2 + 210*s + 654. Let m be n(-11). Suppose 5*v - l - 4*l = 95, 3*l = 4*v - 75. What is the greatest common divisor of m and v?
18
Let q = 57 + -23. Suppose 0 = -186*b + 180*b. Let f = q + b. What is the greatest common divisor of f and 51?
17
Let q = 19 + -69. Let p be 770/6 - 0 - q/75. Let h = p + -81. What is the greatest common divisor of h and 120?
24
Let w(q) be the first derivative of -q**2/2 + 57*q - 48. Let c be w(-7). Calculate the greatest common factor of c and 2.
2
Let q = -13198 + 13330. What is the highest common divisor of 864 and q?
12
Let c be (-6*(-4)/(-8))/((-22)/((-6468)/(-18))). Calculate the greatest common divisor of 8281 and c.
49
Let v = -515 + 500. Let a be (32 + -8)/(v/(-10)). Calculate the greatest common factor of 52 and a.
4
Let c = 6339 + -4996. What is the greatest common factor of c and 323?
17
Let k(n) = -n**2 - 13*n + 5. Let r be k(-14). Let h(a) = -a**2 - 12*a - 6. Let i be h(r). Calculate the highest common divisor of 84 and i.
21
Let w = -6215 + 6226. What is the greatest common factor of 253 and w?
11
Let v = -34 - -33. Let m be ((-375)/(-8) + 8/64)/v. Let g = m + 83. What is the highest common factor of 12 and g?
12
Let f be ((-120)/(-9))/(11/((-924)/(-8))). Suppose 10*u = 15*u - f. Suppose 2*m = 4*m - 56. Calculate the greatest common factor of u and m.
28
Let m = -70 - -67. Let i be m/(-6)*-2 - -56. Calculate the greatest common divisor of 22 and i.
11
Suppose 89*p - 91*p + 22 = -x, x - 18 = -2*p. Let m(r) = 15*r + 4. Let q be m(-3). Let s = -11 - q. Calculate the greatest common factor of p and s.
10
Let h = -393 - -507. Let c(m) = -7*m - 18. Let k be c(-8). Calculate the highest common factor of k and h.
38
Let j = -2140 - -7290. Calculate the greatest common factor of j and 103.
103
Suppose 6 = 5*h + 2*r, 4*h + 2*r + 3 = 7. Let b be (1/h)/(11/242). What is the highest common divisor of 11 and b?
11
Let o be (-44)/6*1*-3. Suppose 29*k - 31*k - 9*k + 5324 = 0. Calculate the highest common factor of o and k.
22
Let b(h) = -7*h + 112. Let j = -13 - -17. Suppose 0 = -j*r - 2*r + 3*r. Let w be b(r). Calculate the greatest common divisor of w and 16.
16
Let o be 1/5 - ((-396)/20)/11. Suppose 4*p - 143 = -4*x + 133, 5*p = -o*x + 348. What is the greatest common divisor of 245 and p?
35
Let y(c) = 5*c**2 + 2*c + 1. Let l be y(-3). Let a be 1/(4 - 158/l). Suppose a - 52 = -t. Calculate the greatest common divisor of t and 48.
16
Let m(l) = -115*l + 859. Let v be m(-18). What is the greatest common divisor of 29 and v?
29
Let y = 5 + 1. Let f = y + 10. Let x = 14 + f. Calculate the greatest common divisor of 20 and x.
10
Suppose 0 = -q + 4*q - 9. Suppose 0 = q*x + 10 - 43. Suppose -5*d = -4*d - 55. What is the greatest common divisor of d and x?
11
Suppose -2*w + h + 136 = 1039, -1781 = 4*w + 3*h. Let k = w - -509. What is the highest common factor of k and 108?
12
Let l(y) = -18*y - 57. Let s be l(-3). Let u(c) = 2*c**2 + 6*c + 12. Let x be u(s). What is the highest common factor of x and 40?
4
Let m be (-124)/3*((-27)/(-6))/((-36)/48). What is the highest common factor of 806 and m?
62
Suppose 5*a = 7*z + 2282, 10*a - 1326 = 7*a - 3*z. What is the greatest common factor of a and 266?
14
Let b(w) = 164*w - 192. Let i be 12/5*((-20)/6 - -5). Let k be b(i). What is the greatest common factor of k and 29?
29
Suppose 0 = -9*r - 60*r + 168015. Calculate the highest common factor of 5 and r.
5
Suppose -2*c - 101 = -d, 0 = 2*c + 3*c - 2*d + 255. Let y = 94 - c. Suppose -2*b - 4*k + y = -b, 5*k = 15. Calculate the greatest common factor of b and 27.
27
Suppose 5*v - d = -3*d - 70, -5*v - 70 = -3*d. Let t = v - -22. Let g(j) = 6*j**2 - 14*j + 16. Let h be g(t). What is the greatest common factor of 36 and h?
36
Suppose -7*v - 19 = -5. Let q be (0/2)/(1 - (-3 - v)). Suppose 5*l - 2*b - 78 = q, -l + b = 3 - 21. Calculate the greatest common factor of l and 112.
14
Let u be ((5/(-4))/1)/(14 + 56466/(-4032)). What is the highest common factor of 8260 and u?
140
Suppose 29*i - 22*i = -26*i + 429. Suppose -4*d + 156 = -0*d. What is the greatest common factor of i and d?
13
Let x(b) = 7*b**2 + 7*b + 3. Let j = -115 + 149. Suppose -37 = f - j. Let w be x(f). Calculate the greatest common factor of 45 and w.
45
Let s = 3347 - -148. What is the greatest common factor of s and 15?
15
Suppose 3*j = j - 18. Let f(o) = o**2 - 9*o + 11. Let w be f(7). Let u be j/(-6)*(-70)/w. Calculate the greatest common factor of 245 and u.
35
Suppose 312*j - 1322 = 309*j + 1369. What is the highest common factor of 20033 and j?
299
Suppose 132843 = 138*v - 305942 - 241279. What is the greatest common factor of 231 and v?
77
Let a(g) = 4*g - 11. Let v be a(12). Let l be (-2073)/(-4) + 24/(-96). Suppose 0 = 3*i - i - l. What is the highest common factor of i and v?
37
Let f be 2/(2900/120 + -24). What is the highest common factor of 1248 and f?
12
Let d(h) = -1715 + 1721 - 52*h**2 + 142*h**2 + 6*h. Let k be d(-2). Calculate the greatest common divisor of 6 and k.
6
Let f = -46 + 54. Suppose -5*p + 89 = -3*p - 3*u, -5*p - 5*u + 185 = 0. What is the greatest common factor of p and f?
8
Let s(u) = u**2 + 53*u + 1235. Let x be s(-34). Calculate the highest common divisor of 95 and x.
19
Suppose -2*u - h = -1328, -1392 = -3*u - 2*h + 601. Let x = -274 - -313. What is the highest common factor of u and x?
39
Suppose 22*d - 2444 = 9*d. Let n be -1*d/(-4) - 5. What is the highest common divisor of n and 168?
42
Let g(l) = l**3 + 11*l**2 - 56*l + 6. Let o = -440 + 445. Let t be g(o). Calculate the greatest common factor of 42 and t.
42
Let a(h) be the second derivative of 29*h**3/6 - 131*h**2/2 - 2*h - 7. Let q be a(6). Calculate the greatest common factor of 86 and q.
43
Let v be -3 + (-1 - -6) + (-49 - -1419). Calculate the greatest common factor of v and 3920.
196
Let i = -54135 + 54151. Let t be 0/1 + (367 - -1). What is the highest common divisor of t and i?
16
Let j(i) = -i**2 + 27*i - 89. Let f be j(31). Let l = f + 225. What is the greatest common divisor of l and 9?
3
Let q be (-14 - ((-16)/8 - 2))/(2 + -4). What is the greatest common factor of 3915 and q?
5
Suppose 10874 - 174 = -4*s. Let b be (-2)/(-12) - (s/30)/5. Let q be (-150)/(3/(-1)) + -5. What is the greatest common divisor of q and b?
9
Suppose 107*n = 66*n + 20336. What is the greatest common factor of 31 and n?
31
Let a = 327 - -1017. Calculate the greatest common divisor of a and 72.
24
Suppose 5*u - 10*u + 7752 = n, -3*u = 4*n - 4658. Calculate the greatest common divisor of u and 400.
50
Let t = -10265 - -10276. Calculate the highest common factor of t and 2695.
11
Let g = 12 - 13. Let l = 1 + g. Suppose l = -3*c + 2*q + 13, -q - 1 - 4 = 0. What is the highest common divisor of 11 and c?
1
Suppose 0 = -2*s + 532 - 132. Suppose 0*p - 124 = -3*p - 2*k, 5*p + 5*k - 210 = 0. What is the greatest common divisor of p and s?
40
Let i(j) = 38*j + 1734. Let u be i(-39). Calculate the greatest common factor of 486 and u.
18
Let c be ((-4)/(-2))/1*17. Let h(k) = k**3 - 4*k**2 + 14*k + 6. Let p be h(8). Calculate the highest common factor of p and c.
34
Suppose -p = 10*p - 14223. Suppose -r - p = -3*q, 0 = 4*q - 44*r + 47*r - 1737. Calculate the greatest common factor of q and 24.
24
Let f(i) = -i**3 - 28*i**2 - 78*i - 25. Let p be f(-25). What is the greatest common divisor of p and 70?
10
Let a(r) be the first derivative of 0*r + r - 10*r**2 + 3*r - 8 + 12. Let y be a(-4). Calculate the highest common factor of 210 and y.
42
Suppose 88 = 5*r + z, 2*r - 5*z = 3*r - 8. Suppose r*s - 17*s = 8. Suppose s*o = 93 + 67. What is the greatest common factor of o and 8?
4
Let n(a) = 8*a**2 + 17*a + 19. Let b be n(-23). Suppose -6415 = -5*y - 2*h + 5*h, 4*h = 3*y - b. Calculate the greatest common divisor of 10 and y.
10
Suppose -3*p = -3*y + 8*y - 10, 2*y = p + 15. Suppose 151 = y*l + 126. Calculate the highest common divisor of 8 and l.
1
Let d be (-204)/255 + 1548/10. C